*j**2 - 1/20*j**5 + 0 - 4*j. Give l(3).
-5
Let o(j) = j**2 - 7*j - 2. Suppose 0 = -z - 4*z + 30. Give o(z).
-8
Let n(l) be the second derivative of l**5/20 + l**4/12 + 2*l**2 - 22*l. Give n(0).
4
Let y(t) = t - 2 + 2*t - 8*t + 2*t**2 + 2*t. Let x(p) = p**3 - 7*p**2 - 9*p + 6. Let z be x(8). What is y(z)?
12
Let j(p) be the third derivative of -p**4/24 + p**3 + 7*p**2. Determine j(4).
2
Let r(c) = 3*c + 1. Suppose 9 = h + 5*v, 3*h + 4*v - 38 = -0*h. Suppose -4*z - 3*w = 5 - 3, -2*z + 5*w - h = 0. Calculate r(z).
-5
Suppose 0*v - 2 = -v. Let o(y) = -7 + 0*y - v*y - 2. Let z be o(-7). Let a(t) = t**2 - 5*t + 6. Give a(z).
6
Let l(g) be the first derivative of 6*g + 1/3*g**3 - 3*g**2 + 1. Determine l(5).
1
Let y(u) = u**3 - 9*u**2 - 9*u + 4. Let q(v) = -4*v**3 + 27*v**2 + 27*v - 13. Let c(g) = -2*q(g) - 7*y(g). What is c(-8)?
-10
Let w(i) = -i**2 + 2*i - 1. Let x(a) = -a - 1. Let y(b) = b**2 - 7*b - 4. Let f(g) = 4*x(g) - y(g). Let d(p) = -3*f(p) + 2*w(p). Determine d(6).
4
Let f(o) be the second derivative of 7*o**3/3 + o**2/2 - 27*o. Give f(1).
15
Let u(x) be the second derivative of x**4/12 + 7*x**3/6 - 4*x**2 + 40*x. What is u(-8)?
0
Let i(f) = -f**3 - 5*f**2 - 2*f + 3. Let s(z) = 2*z**2 + z - 1. Let b be s(1). Suppose 1 = -b*y - 7. Calculate i(y).
-5
Let k(i) = -6*i**2 - 15*i. Let v(w) = -w**2 - w + 1. Let x(f) = -k(f) + 5*v(f). Calculate x(-10).
5
Let i(c) = -c**2 + 5*c + 8. Let f be i(6). Let d(b) = -2*b + 2 + 4*b**f + b - 2. Give d(1).
3
Let n(b) be the third derivative of b**6/120 - b**5/60 + b**3/6 - 28*b**2. Calculate n(0).
1
Let n(u) = -u**3 + 7*u**2 - 6*u. Let a be n(6). Let j(k) be the second derivative of 0*k**2 + 0 - 1/6*k**3 - k. Calculate j(a).
0
Let t be 0 + -2 + 2 + -2. Let g(a) = -3*a - 2. Let j be g(t). Suppose 0*v - j*u - 24 = 3*v, u - 5 = 2*v. Let b(i) = -i**2 - 6*i - 5. What is b(v)?
3
Let o(f) = -11*f - 14*f - 15*f + 5*f**2 + 5 + 44*f + f**3. Determine o(-5).
-15
Let q(w) = -w**2 - 6*w - 2. Suppose 13 = 2*t + v + 28, -2*v = -t. Let h be q(t). Let b(m) = 3*m**2 + m - 2. What is b(h)?
8
Let d be (3/(-2))/((-3)/32). Suppose a - 7 + 1 = -y, -4*y + d = -4*a. Suppose -a = -4*j - 5. Let q(z) = 3*z + 1. Give q(j).
-2
Let z(o) be the first derivative of -o**4/4 - 4*o**3/3 + o**2 + 6*o + 117. Let h = 2 + -6. Calculate z(h).
-2
Let y(b) = -b**2 - 3*b + 5. Let x be y(-4). Suppose x = -2*g + 9. Let z(d) = -d - 4. Determine z(g).
-8
Let n(h) = -25*h**2 + 2*h + 1. Let u(x) = x**2 - 24*x - 26. Let g be u(25). What is n(g)?
-26
Let z(m) be the second derivative of -1/3*m**3 + 1/2*m**2 + 0 - 1/4*m**4 - 2*m. Let d(f) = f**2 - 1. Let l(u) = -2*d(u) - z(u). Calculate l(-1).
0
Let m(a) = a**3 - 4*a**2 - 5*a + 7. Let h(y) = 2*y**2 - y - 2. Let k be h(2). Let p(x) = -x**2 + 6*x - 3. Let b be p(k). Determine m(b).
7
Let a(u) = -3*u + 7. Let f(o) = 13*o - 29. Let v(m) = 9*a(m) + 2*f(m). Let z be 4/6 + 80/24. Determine v(z).
1
Suppose u - 4*j - 12 = 0, -3*u - 3*j = 8 + 1. Let z(w) be the second derivative of w**3 + 2*w + u + 5/12*w**4 + 1/20*w**5 + 5/2*w**2. Give z(-4).
-3
Let g(m) = -m**3 - 10*m**2 - 9*m + 7. Suppose 0 = 7*j - 2*j + 45. Let a be g(j). Let f(z) = a*z + z**2 - 2*z**2 - 5 - 2*z. Give f(4).
-1
Let g = -9 + 14. Let v(f) = 4*f - 6. Determine v(g).
14
Suppose 2*f - 1 = -v + f, 0 = 3*v - 3*f + 3. Suppose -p - 2*m + 22 = 3*m, -5*p + 5*m - 10 = v. Let b(c) = -2 - 6*c - 1 + c**p + 2. Give b(4).
-9
Let s be 21/9 - (-2)/(-6). Let y(p) = -p + 5 + s*p - 4 + 2*p. Suppose -3*q = 3*a, 3*a = 4*q - 7 - 7. Calculate y(q).
7
Let j(x) be the third derivative of x**5/30 + x**4/24 - 3*x**2. Give j(-2).
6
Let v(x) be the third derivative of 0 - 1/8*x**4 - x**2 + 0*x + 2/3*x**3. Determine v(4).
-8
Let j(l) = 1 - 5*l - 3*l + l**2 + 10*l. Let p be j(-1). Let c(o) be the second derivative of -o**5/20 + o**2 - o. Determine c(p).
2
Let j(a) = 7*a - 2 + 5*a**2 + 3 - 4*a**2. What is j(-6)?
-5
Let x(p) be the second derivative of p**3/6 + 5*p**2 + 14*p. What is x(0)?
10
Let s be -2 - (60/(-5))/3. Let v(c) be the first derivative of 0*c**s - 1/3*c**3 - 4 + 1/4*c**4 - 3*c. Give v(0).
-3
Let i(m) = 6*m + 3. Let u(k) = 7*k + 4. Let b(o) = 4*i(o) - 3*u(o). Let t be 2/((-6)/(4 + 2)). Give b(t).
-6
Let f = 11 - 7. Let u = 9 - f. Let m(d) = d**3 - 5*d**2 - 2*d + 7. What is m(u)?
-3
Let p(o) = -o**2 + o - 12. Let t = 6 + -6. Suppose -4*a - 5*x = 2 - 7, -4*a + 3*x - 3 = t. What is p(a)?
-12
Let m be (0 + 3)/(-6)*-2. Suppose m = 3*a - 2. Let j(z) = 2*z + 2 + a + 3. What is j(-4)?
-2
Let n = -4 + 3. Let m(l) = -l - 4. Let f(t) = 1. Let o(x) = 4*f(x) + m(x). What is o(n)?
1
Let d(l) = -l**3 + 3*l**2 + 2. Let c be d(3). Suppose -7*b + c*b = -5. Let v(f) = -5*f + 9. Let a(s) = 2*s - 4. Let t(r) = -7*a(r) - 3*v(r). Give t(b).
2
Let o(v) = -v**2 + 8*v + 1. Let f = 6 - 0. Give o(f).
13
Let b(u) = 19*u + 11*u + 1 - 31*u - 5. Give b(3).
-7
Let f(a) = -2*a - a + a - a + a**2 - 5. Give f(4).
-1
Suppose 2*f - 5 = q - 2, -4*f = -q - 9. Let k(v) = v**f + 0 + 0*v**2 - 4*v**2 + 3*v - 5 + 1. Calculate k(3).
-4
Let o(p) = 2*p**3 - 2 - p**3 + 5 - 4*p. Suppose 0 = -2*b + 15 - 11. Give o(b).
3
Let o(i) = i**2 - 4*i - 4. Let y(j) = 6*j. Let h be y(-1). Let s be (-6)/(((-45)/h)/(-5)). Determine o(s).
-4
Let n be 2/(3 - (-52)/(-20)). Let w(v) be the third derivative of v**4/24 - 7*v**3/6 + 2*v**2. Calculate w(n).
-2
Let b be (3 - 5/2)*12. Let f = 3 - b. Let r(a) = -a**2 - 4*a - 3. What is r(f)?
0
Let w = -36 + 38. Let g(l) be the first derivative of l + 10/3*l**3 - w - l**2. What is g(1)?
9
Let u(k) = -k**3 + 5*k**2 + 4*k + 1. Suppose 2*h = 53 - 41. Determine u(h).
-11
Let m(x) = -x + 14. Let d(c) = -3*c + 6. Let r be d(2). Determine m(r).
14
Let u be 2/(-5) + 7/5. Let f(j) = 0*j**3 - 9*j**3 + j**2 + 3*j**3 + u + 2*j. What is f(-1)?
6
Suppose 0*l + 5 = -l. Let j(h) = h**3 + 4*h**2 - 6*h - 1. What is j(l)?
4
Let n(d) = 2*d**2 - 3*d - 3. Let q(b) = b**2 - 2*b - 3. Let i(v) = 2*n(v) - 3*q(v). What is i(0)?
3
Let u(p) = -9*p + 4*p**2 - p**3 + 4 + 3*p + p**2. Suppose -4*x - 16 = i - 5*i, 3*i = x + 12. Calculate u(i).
-4
Let q(m) = -4*m - 3. Let i(k) = -k - 1. Let t(p) = 9*i(p) - 2*q(p). Calculate t(-5).
2
Let p(s) be the second derivative of s**3/3 + 3*s**2 - 12*s. What is p(-6)?
-6
Let t(s) be the second derivative of -s**4/12 + s**3/6 - 9*s**2/2 - 2*s. Suppose 3*b + 0*b = 0. Give t(b).
-9
Let f(q) = q**3 - 5*q**2 - 5*q + 5. Let u be f(6). Let p(n) = n**2 - 12*n + 14. Give p(u).
3
Let s(q) be the third derivative of q**4/8 - 7*q**3/6 - 2*q**2. Suppose -4*k = 3*v - 10, 5*v + 2*k + k - 2 = 0. Let p be (-14)/(-3) + v/(-6). Determine s(p).
8
Let l(o) = -o**2 + 4. Let y = 10 - 6. Suppose 2*b = y*d + 2 - 38, 5*b = -3*d - 25. Let h be 36/b*(-4)/6. Give l(h).
-5
Let u(d) be the second derivative of d**3/2 + d. Suppose 4 + 11 = 5*x. Calculate u(x).
9
Let x(l) = -l**3 - 5*l**2 + 3*l + 6. Let p(c) = c**2 + 6*c - 5. Let i be p(-6). Determine x(i).
-9
Let x(r) be the second derivative of -r**5/20 - r**4/6 + r**3/3 + r**2 + 7*r. Give x(-2).
-2
Suppose -5*u = -4 - 6. Let z(x) = -2*x**2 - x**3 + 7*x**u - 5*x + 3 - 7 + x**2. Suppose 5*k + 0*v - 25 = -v, -4*k = 5*v - 20. What is z(k)?
-4
Let l(k) be the first derivative of -k**3/3 - k**2/2 + k - 16. Give l(-1).
1
Suppose 3*f = f - 3*w + 10, 0 = 5*w. Let v(r) = -11*r**2 + r + 9. Let o(l) = -4*l**2 + 3. Let x(m) = -8*o(m) + 3*v(m). What is x(f)?
-7
Let n(s) = -12*s. Let k(z) = 133*z. Let l(v) = 5*k(v) + 56*n(v). Determine l(3).
-21
Let r(v) = -4*v - 4. Let p(h) = 4*h + 5. Let j(d) = -3*p(d) - 4*r(d). Calculate j(1).
5
Let f(n) = -n**2 - 3*n. Let h be f(-2). Let l(z) = z**3 - 2*z**2 - z + 1. Determine l(h).
-1
Suppose -4*x - p + 8 + 3 = 0, -4*x + 16 = -4*p. Let h(w) = 5*w - 3. Let c(f) = -21*f + 13. Let q(o) = -2*c(o) - 9*h(o). What is q(x)?
-8
Let t(j) = -14*j**3 + 9 + 7*j**2 - 2*j + 26*j**3 - 10*j**3 - 3*j**3. Let q be 7 + 0*(-1)/(-2). Give t(q).
-5
Let r(d) = 10 + 10*d - 10. Let g(k) = -2*k - 3. Let f be g(-3). Let c = f - 4. Give r(c).
-10
Let o(d) be the second derivative of d**5/10 - d**4/4 + d**3/3 - d**2 + d. Let z be (-1)/(-3)*0*-1. Let w = 2 + z. Determine o(w).
6
Let g(f) be the first derivative of -f**3/3 - 5*f**2/2 - 5*f + 19. Determine g(-5).
-5
Let f(r) = 9*r + 8. Let k(o) = -4*o - 4. Let c = 10 - 12. Let p(l) = c*f(l) - 5*k(l). What is p(-3)?
-2
Let c(u